{"id":52923,"date":"2025-01-28T20:56:34","date_gmt":"2025-01-28T20:56:34","guid":{"rendered":"https:\/\/www.cleverfiles.com\/howto\/?page_id=52923"},"modified":"2025-01-28T20:56:34","modified_gmt":"2025-01-28T20:56:34","slug":"directrices-editoriales","status":"publish","type":"page","link":"https:\/\/www.cleverfiles.com\/howto\/es\/editorial-guidelines.html","title":{"rendered":"Directrices Editoriales"},"content":{"rendered":"<p>Todos los d\u00edas, millones de personas en todo el mundo se enfrentan a una variedad de desaf\u00edos relacionados con la tecnolog\u00eda. Estos pueden variar desde la p\u00e9rdida de datos debido a fallas de hardware, errores de software o eliminaci\u00f3n accidental, hasta la b\u00fasqueda de rese\u00f1as, calificaciones y recomendaciones confiables de software alternativo.<\/p>\r\n<p>En Cleverfiles, comprendemos el p\u00e1nico, la frustraci\u00f3n y las molestias que esto representa. Tambi\u00e9n entendemos lo dif\u00edcil que puede ser encontrar informaci\u00f3n confiable en l\u00ednea que aborde estas diversas necesidades. Por eso nos hemos comprometido a destacar entre la multitud y a ser tu fuente de confianza para todo lo relacionado con tecnolog\u00eda, software y recuperaci\u00f3n de datos.<\/p>\r\n<p>Nuestras Directrices Editoriales describen nuestro enfoque meticuloso en la creaci\u00f3n de contenido y c\u00f3mo se alinea con nuestro compromiso continuo de transparencia y precisi\u00f3n. Este compromiso se extiende a todo nuestro contenido, incluidos art\u00edculos de recuperaci\u00f3n de datos, rese\u00f1as de software y gu\u00edas de tecnolog\u00eda. Para saber m\u00e1s sobre el equipo responsable de este compromiso, visita nuestra <a href=\"\/howto\/es\/editorial-team.html\">p\u00e1gina del equipo editorial<\/a>. Al brindarte esta visi\u00f3n detallada, buscamos ofrecerte una comprensi\u00f3n clara del cuidado, esfuerzo y diligencia que aplicamos en nuestro trabajo. Esperamos que esto refuerce tu confianza en nosotros como tu fuente principal de gu\u00edas y soluciones confiables y \u00fatiles.<\/p>\r\n<h2><span class=\"ez-toc-section\" id=\"nuestra_mision\"><\/span>Nuestra Misi\u00f3n<span class=\"ez-toc-section-end\"><\/span><\/h2>\r\n<p>En un mundo cada vez m\u00e1s impulsado por los datos y la tecnolog\u00eda, nuestra misi\u00f3n en Cleverfiles es hol\u00edstica y esencial: proporcionar gu\u00edas, rese\u00f1as y recomendaciones de alta calidad y confiabilidad que alivien el estr\u00e9s y la confusi\u00f3n no solo en torno a la p\u00e9rdida y recuperaci\u00f3n de datos, sino tambi\u00e9n a todo lo relacionado con software y tecnolog\u00eda.<\/p>\r\n<p>Nuestro compromiso es generar y ofrecer la mayor cantidad posible de contenido \u00fatil y preciso, garantizando que ustedes, nuestros lectores, est\u00e9n equipados con una amplia gama de soluciones e informaci\u00f3n confiables y probadas en diversos \u00e1mbitos del software y la tecnolog\u00eda. Nos enorgullecemos de brindar valor en cada palabra que escribimos, con cada art\u00edculo cuidadosamente elaborado para darte la confianza necesaria no solo para abordar la p\u00e9rdida de datos, sino tambi\u00e9n para navegar por todo el mundo digital con seguridad.<\/p>\r\n<h2><span class=\"ez-toc-section\" id=\"por_que_puedes_confiar_en_nosotros\"><\/span>Por Qu\u00e9 Puedes Confiar en Nosotros<span class=\"ez-toc-section-end\"><\/span><\/h2>\r\n<p>Cuando se trata de enfrentar desaf\u00edos digitales importantes\u2014ya sea recuperar datos perdidos, elegir software o comprender un nuevo concepto tecnol\u00f3gico\u2014lo \u00faltimo que deseas es confiar en m\u00e9todos y fuentes no comprobados o poco fiables. Aqu\u00ed es donde entra en juego el compromiso de Cleverfiles con la confiabilidad, y esto es lo que incluye:<\/p>\r\n<ul>\r\n\t<li>&#x1f50e; <b>Investigaci\u00f3n exhaustiva del tema:<\/b> Realizamos una investigaci\u00f3n profunda y met\u00f3dica para cada tema que abordamos. Esta investigaci\u00f3n minuciosa nos permite comprender cada aspecto del problema, brind\u00e1ndote una visi\u00f3n hol\u00edstica de la cuesti\u00f3n y sus posibles soluciones.<\/li>\r\n\t<li>&#x1f9ea; <b>Pruebas pr\u00e1cticas:<\/b> Nuestro equipo de expertos en tecnolog\u00eda, software y recuperaci\u00f3n de datos realiza pruebas pr\u00e1cticas de todos los m\u00e9todos y enfoques que discutimos en las gu\u00edas, rese\u00f1as y calificaciones publicadas en el sitio de Cleverfiles. Creemos firmemente que solo los m\u00e9todos probados ofrecen las soluciones m\u00e1s confiables.<\/li>\r\n\t<li>&#x1f9d1;&#x200d;&#x1f4bb; <b>Supervisi\u00f3n profesional:<\/b> El conocimiento y la experiencia de nuestros redactores expertos en diferentes \u00e1mbitos tecnol\u00f3gicos gu\u00edan el proceso de creaci\u00f3n de contenido. Pero no nos detenemos ah\u00ed. Cada gu\u00eda y cada consejo pasan por la verificaci\u00f3n de otros profesionales de software y tecnolog\u00eda. Este mecanismo de doble verificaci\u00f3n garantiza que solo recibas la informaci\u00f3n m\u00e1s precisa y confiable.<\/li>\r\n\t<li>&#x1f916; <b>Contenido escrito \u00fanicamente por personas:<\/b> Todo el contenido en el sitio de Cleverfiles es creado por autores reales, no por IA. Nuestro equipo de redacci\u00f3n est\u00e1 formado por escritores experimentados que se especializan en temas relacionados con la tecnolog\u00eda. Sus voces aut\u00e9nticas y su experiencia personal dan vida a nuestro contenido.<\/li>\r\n\t<li>&#x1f6ab; <b>Sin promociones pagadas:<\/b> Mantenemos un compromiso inquebrantable con la objetividad. Las gu\u00edas y evaluaciones de Cleverfiles se basan estrictamente en nuestras experiencias personales y pruebas rigurosas, no en promociones pagadas ni contenido patrocinado. Creemos que mantener esta integridad es esencial para ganar y conservar tu confianza.<\/li>\r\n\t<li>&#x2696;&#xfe0f; <b>Calificaciones imparciales:<\/b> Nuestro compromiso con la imparcialidad significa que recomendamos soluciones basadas en su utilidad real para ti, no en factores externos ni sesgos. Revisamos cada herramienta, software o m\u00e9todo seg\u00fan sus m\u00e9ritos, evaluando su efectividad, confiabilidad y facilidad de uso.<\/li>\r\n\t<li>&#x1f4e3; <b>Retroalimentaci\u00f3n de los usuarios:<\/b> Tu opini\u00f3n es importante para nosotros. Por eso, prestamos mucha atenci\u00f3n a lo que nuestros lectores tienen que decir. Al tomar en cuenta tus comentarios, podemos mantener el contenido preciso, actualizado y adaptado a tus necesidades.<\/li>\r\n<\/ul>\r\n<p>Con estas estrictas medidas, nuestro contenido va m\u00e1s all\u00e1 de ser atractivo: es confiable y digno de confianza.\u00a0<\/p>\r\n<h2><span class=\"ez-toc-section\" id=\"el_enfoque_de_cleverfiles_nuestro_proceso_para_crear_guias\"><\/span>El Enfoque de Cleverfiles: Nuestro Proceso para Crear Gu\u00edas<span class=\"ez-toc-section-end\"><\/span><\/h2>\r\n<p>Creemos en un enfoque minucioso y completo para crear gu\u00edas pr\u00e1cticas, rese\u00f1as y ofrecerte contenido de alta calidad y confiable en el que puedas confiar. A continuaci\u00f3n, desglosamos nuestro proceso de creaci\u00f3n de contenido en siete pasos.<\/p>\r\n<ol>\r\n\t<li><b>Identificaci\u00f3n del problema:<\/b> El primer paso consiste en identificar un tema, problema o punto de dolor. A menudo surge de escuchar a nuestros usuarios y entender qu\u00e9 problemas o dudas tienen sobre recuperaci\u00f3n de datos, software y tecnolog\u00eda. Tambi\u00e9n exploramos la red en busca de preguntas sin respuesta o dificultades comunes a las que muchos se enfrentan pero que carecen de una soluci\u00f3n integral.<\/li>\r\n\t<li><b>Investigaci\u00f3n profunda:<\/b> Una vez identificado el tema o problema, el equipo de Cleverfiles se sumerge en una investigaci\u00f3n exhaustiva para descubrir todas las soluciones posibles o evaluar productos y software. Examinamos el tema desde todos los \u00e1ngulos, sin dejar piedra sin remover. Esta fase puede llevar bastante tiempo mientras revisamos documentos t\u00e9cnicos, foros, literatura de la industria y otras fuentes para reunir toda la informaci\u00f3n relevante.<\/li>\r\n\t<li><b>Pruebas y verificaci\u00f3n:<\/b> A la fase de investigaci\u00f3n le sigue una rigurosa etapa de pruebas. Ponemos a prueba cada soluci\u00f3n o software potencial para determinar su efectividad. Como resultado, solo los m\u00e9todos verificados y los productos con alta calificaci\u00f3n llegan a formar parte de nuestras gu\u00edas y rese\u00f1as.<\/li>\r\n\t<li><b>Redacci\u00f3n:<\/b> Luego, nuestro equipo de redactores expertos en diferentes \u00e1mbitos tecnol\u00f3gicos elabora una gu\u00eda o rese\u00f1a detallada y f\u00e1cil de usar, basada en los m\u00e9todos o productos eficaces que hemos encontrado. Nuestro estilo de escritura es conciso, ameno y pensado para que incluso los temas complejos se entiendan con facilidad.<\/li>\r\n\t<li><b>Revisi\u00f3n de expertos:<\/b> Cada gu\u00eda pasa por un proceso meticuloso de revisi\u00f3n a cargo de un experto senior en tecnolog\u00eda y un redactor senior. El experto verifica la exactitud y claridad del contenido, a\u00f1adiendo otra capa de control de calidad.<\/li>\r\n\t<li><b>Publicaci\u00f3n:<\/b> Una vez finalizadas todas las revisiones, publicamos la gu\u00eda en nuestro sitio web. Se realiza otra ronda de comprobaciones para eliminar errores tipogr\u00e1ficos y otros fallos. Tambi\u00e9n implementamos un formato visual que te brinde una experiencia de lectura fluida y agradable.<\/li>\r\n\t<li><b>Actualizaciones continuas:<\/b> El mundo digital evoluciona constantemente, y nosotros tambi\u00e9n. El equipo de Cleverfiles revisa de forma peri\u00f3dica nuestro contenido para actualizarlo con los \u00faltimos hallazgos y avances. Esto asegura que siempre tengas acceso a informaci\u00f3n actualizada y relevante.<\/li>\r\n<\/ol>\r\n<p>Este minucioso proceso descrito refleja nuestra misi\u00f3n de ayudarte a navegar el complejo mundo de la tecnolog\u00eda con facilidad y confianza.<\/p>\r\n<h2><span class=\"ez-toc-section\" id=\"tus_sugerencias_importan\"><\/span>Tus Sugerencias Importan<span class=\"ez-toc-section-end\"><\/span><\/h2>\r\n<p>En Cleverfiles, valoramos mucho lo que ustedes, estimados lectores, tienen que decir. Sus sugerencias, preguntas y preocupaciones desempe\u00f1an un papel fundamental en la formaci\u00f3n de nuestro contenido.<\/p>\r\n<p>As\u00ed que, tanto si has identificado un problema que no hemos abordado, como si tienes una sugerencia para un nuevo tema o deseas compartir tu experiencia con un m\u00e9todo de recuperaci\u00f3n en particular, <a href=\"\/es\/contacts.html\">queremos saber de ti<\/a>.<\/p>","protected":false},"excerpt":{"rendered":"Todos los d\u00edas, millones de personas en todo el mundo se enfrentan a una variedad de desaf\u00edos relacionados con la tecnolog\u00eda. Estos pueden variar desde la p\u00e9rdida de datos debido a fallas de hardware, errores de software o eliminaci\u00f3n accidental,&#8230;","protected":false},"author":7864,"featured_media":0,"parent":0,"menu_order":0,"comment_status":"closed","ping_status":"closed","template":"page-simple.php","meta":{"_acf_changed":false,"footnotes":""},"class_list":["post-52923","page","type-page","status-publish"],"acf":[],"yoast_head":"<!-- This site is optimized with the Yoast SEO plugin v26.3 - https:\/\/yoast.com\/wordpress\/plugins\/seo\/ -->\n<title>Directrices Editoriales - Data recovery tips. Recover deleted files on Mac, Windows.<\/title>\n<meta name=\"robots\" content=\"index, follow, max-snippet:-1, max-image-preview:large, max-video-preview:-1\" \/>\n<link rel=\"canonical\" href=\"https:\/\/www.cleverfiles.com\/howto\/es\/editorial-guidelines.html\" \/>\n<meta property=\"og:locale\" content=\"en_US\" \/>\n<meta property=\"og:type\" content=\"article\" \/>\n<meta property=\"og:title\" content=\"Directrices Editoriales - Data recovery tips. Recover deleted files on Mac, Windows.\" \/>\n<meta property=\"og:description\" content=\"Todos los d\u00edas, millones de personas en todo el mundo se enfrentan a una variedad de desaf\u00edos relacionados con la tecnolog\u00eda. Estos pueden variar desde la p\u00e9rdida de datos debido a fallas de hardware, errores de software o eliminaci\u00f3n accidental,...\" \/>\n<meta property=\"og:url\" content=\"https:\/\/www.cleverfiles.com\/howto\/es\/editorial-guidelines.html\" \/>\n<meta property=\"og:site_name\" content=\"Data recovery tips. Recover deleted files on Mac, Windows.\" \/>\n<meta property=\"og:image\" content=\"https:\/\/www.cleverfiles.com\/howto\/wp-content\/uploads\/2020\/07\/og-cleverfiles.jpg\" \/>\n\t<meta property=\"og:image:width\" content=\"1200\" \/>\n\t<meta property=\"og:image:height\" content=\"630\" \/>\n\t<meta property=\"og:image:type\" content=\"image\/jpeg\" \/>\n<meta name=\"twitter:card\" content=\"summary_large_image\" \/>\n<meta name=\"twitter:title\" content=\"Data recovery tips. Recover deleted files on Mac, Windows.\" \/>\n<meta name=\"twitter:site\" content=\"@Cleverfiles\" \/>\n<meta name=\"twitter:label1\" content=\"Est. reading time\" \/>\n\t<meta name=\"twitter:data1\" content=\"6 minutes\" \/>\n<!-- \/ Yoast SEO plugin. -->","yoast_head_json":{"title":"Directrices Editoriales - Data recovery tips. Recover deleted files on Mac, Windows.","robots":{"index":"index","follow":"follow","max-snippet":"max-snippet:-1","max-image-preview":"max-image-preview:large","max-video-preview":"max-video-preview:-1"},"canonical":"https:\/\/www.cleverfiles.com\/howto\/es\/editorial-guidelines.html","og_locale":"en_US","og_type":"article","og_title":"Directrices Editoriales - Data recovery tips. Recover deleted files on Mac, Windows.","og_description":"Todos los d\u00edas, millones de personas en todo el mundo se enfrentan a una variedad de desaf\u00edos relacionados con la tecnolog\u00eda. Estos pueden variar desde la p\u00e9rdida de datos debido a fallas de hardware, errores de software o eliminaci\u00f3n accidental,...","og_url":"https:\/\/www.cleverfiles.com\/howto\/es\/editorial-guidelines.html","og_site_name":"Data recovery tips. Recover deleted files on Mac, Windows.","og_image":[{"width":1200,"height":630,"url":"https:\/\/www.cleverfiles.com\/howto\/wp-content\/uploads\/2020\/07\/og-cleverfiles.jpg","type":"image\/jpeg"}],"twitter_card":"summary_large_image","twitter_title":"Data recovery tips. Recover deleted files on Mac, Windows.","twitter_site":"@Cleverfiles","twitter_misc":{"Est. reading time":"6 minutes"},"schema":{"@context":"https:\/\/schema.org","@graph":[{"@type":"WebPage","@id":"https:\/\/www.cleverfiles.com\/howto\/es\/editorial-guidelines.html","url":"https:\/\/www.cleverfiles.com\/howto\/es\/editorial-guidelines.html","name":"Directrices Editoriales - Data recovery tips. Recover deleted files on Mac, Windows.","isPartOf":{"@id":"https:\/\/www.cleverfiles.com\/howto\/#website"},"datePublished":"2025-01-28T20:56:34+00:00","breadcrumb":{"@id":"https:\/\/www.cleverfiles.com\/howto\/es\/editorial-guidelines.html#breadcrumb"},"inLanguage":"en-US","potentialAction":[{"@type":"ReadAction","target":["https:\/\/www.cleverfiles.com\/howto\/es\/editorial-guidelines.html"]}]},{"@type":"BreadcrumbList","@id":"https:\/\/www.cleverfiles.com\/howto\/es\/editorial-guidelines.html#breadcrumb","itemListElement":[{"@type":"ListItem","position":1,"name":"\u0413\u043b\u0430\u0432\u043d\u0430\u044f","item":"https:\/\/www.cleverfiles.com\/howto\/fr\/"},{"@type":"ListItem","position":2,"name":"Directrices Editoriales"}]},{"@type":"WebSite","@id":"https:\/\/www.cleverfiles.com\/howto\/#website","url":"https:\/\/www.cleverfiles.com\/howto\/","name":"Data recovery tips. Recover deleted files on Mac, Windows.","description":"","publisher":{"@id":"https:\/\/www.cleverfiles.com\/howto\/#organization"},"potentialAction":[{"@type":"SearchAction","target":{"@type":"EntryPoint","urlTemplate":"https:\/\/www.cleverfiles.com\/howto\/?s={search_term_string}"},"query-input":{"@type":"PropertyValueSpecification","valueRequired":true,"valueName":"search_term_string"}}],"inLanguage":"en-US"},{"@type":"Organization","@id":"https:\/\/www.cleverfiles.com\/howto\/#organization","name":"CleverFiles","url":"https:\/\/www.cleverfiles.com\/howto\/","logo":{"@type":"ImageObject","inLanguage":"en-US","@id":"https:\/\/www.cleverfiles.com\/howto\/#\/schema\/logo\/image\/","url":"https:\/\/www.cleverfiles.com\/howto\/wp-content\/uploads\/2021\/07\/dd-mac-1024-flat.png","contentUrl":"https:\/\/www.cleverfiles.com\/howto\/wp-content\/uploads\/2021\/07\/dd-mac-1024-flat.png","width":512,"height":512,"caption":"CleverFiles"},"image":{"@id":"https:\/\/www.cleverfiles.com\/howto\/#\/schema\/logo\/image\/"},"sameAs":["https:\/\/x.com\/Cleverfiles"]}]}},"_links":{"self":[{"href":"https:\/\/www.cleverfiles.com\/howto\/wp-json\/wp\/v2\/pages\/52923","targetHints":{"allow":["GET"]}}],"collection":[{"href":"https:\/\/www.cleverfiles.com\/howto\/wp-json\/wp\/v2\/pages"}],"about":[{"href":"https:\/\/www.cleverfiles.com\/howto\/wp-json\/wp\/v2\/types\/page"}],"author":[{"embeddable":true,"href":"https:\/\/www.cleverfiles.com\/howto\/wp-json\/wp\/v2\/users\/7864"}],"replies":[{"embeddable":true,"href":"https:\/\/www.cleverfiles.com\/howto\/wp-json\/wp\/v2\/comments?post=52923"}],"version-history":[{"count":1,"href":"https:\/\/www.cleverfiles.com\/howto\/wp-json\/wp\/v2\/pages\/52923\/revisions"}],"predecessor-version":[{"id":52924,"href":"https:\/\/www.cleverfiles.com\/howto\/wp-json\/wp\/v2\/pages\/52923\/revisions\/52924"}],"wp:attachment":[{"href":"https:\/\/www.cleverfiles.com\/howto\/wp-json\/wp\/v2\/media?parent=52923"}],"curies":[{"name":"wp","href":"https:\/\/api.w.org\/{rel}","templated":true}]}}