{"id":8410,"date":"2017-09-15T17:22:34","date_gmt":"2017-09-15T17:22:34","guid":{"rendered":"http:\/\/cleverfiles.com\/help\/?page_id=8410"},"modified":"2021-09-30T19:12:13","modified_gmt":"2021-09-30T19:12:13","slug":"ja","status":"publish","type":"page","link":"https:\/\/www.cleverfiles.com\/help\/ja\/","title":{"rendered":"Disk Drill for Mac and Windows \u2013 Help Center JA"},"content":{"rendered":"<h2><span class=\"ez-toc-section\" id=\"disk_drill%e3%83%aa%e3%83%aa%e3%83%bc%e3%82%b9\"><\/span>Disk Drill\u30ea\u30ea\u30fc\u30b9<span class=\"ez-toc-section-end\"><\/span><\/h2>\n<table>\n<tbody>\n<tr>\n<td><\/td>\n<td><a class=\"row_red\" title=\"Disk Drill 3.8.965 for macOS\" href=\"\/help\/disk-drill-mac-961.html\">February 2020: Disk Drill 3.8.965 for Mac released, speed improvements and quick &amp; smart scans exFAT optimizations<\/a><span class=\"tag\">macOS<\/span><\/td>\n<\/tr>\n<tr>\n<td><\/td>\n<td><a class=\"row_red\" title=\"Disk Drill 4.0.513 for Windows\" href=\"\/help\/disk-drill-windows-fat32-exfat-recovery.html\">February 2020: Disk Drill 4.0.513 for Windows. Brings Better Recovery Rates, Speed and Stability Improvements<\/a><span class=\"tag\">Windows<\/span><\/td>\n<\/tr>\n<\/tbody>\n<\/table>\n<p>&nbsp;<\/p>\n<h2><span class=\"ez-toc-section\" id=\"%e3%82%88%e3%81%8f%e3%81%82%e3%82%8b%e8%b3%aa%e5%95%8f\"><\/span>\u3088\u304f\u3042\u308b\u8cea\u554f<span class=\"ez-toc-section-end\"><\/span><\/h2>\n<table>\n<tbody>\n<tr>\n<td><\/td>\n<td><a title=\"How to clean up your Mac for free with Disk Drill?\" href=\"\/help\/how-do-i-use-the-disk-space-visualization-feature\/\">How can I perform free disk clean up with Disk Drill for macOS?<\/a><span class=\"tag\">macOS<\/span><\/td>\n<\/tr>\n<tr>\n<td><\/td>\n<td><a title=\"Disk Drill\u306f\u3069\u306e\u3088\u3046\u306a\u30d5\u30a1\u30a4\u30eb\u30bf\u30a4\u30d7\u3092\u30ea\u30ab\u30d0\u30fc\u3067\u304d\u307e\u3059\u304b?\" href=\"\/help\/ja\/file-types\/\">Disk Drill\u306f\u3069\u306e\u3088\u3046\u306a\u30d5\u30a1\u30a4\u30eb\u30bf\u30a4\u30d7\u3092\u30ea\u30ab\u30d0\u30fc\u3067\u304d\u307e\u3059\u304b?<\/a><\/td>\n<\/tr>\n<tr>\n<td><\/td>\n<td><a href=\"\/help\/duplicates-search\/\">What is the new &#8220;Find Duplicates&#8221; mode in Disk Drill 3 for macOS?<\/a><span class=\"tag\">macOS<\/span><\/td>\n<\/tr>\n<tr>\n<td><\/td>\n<td><a href=\"\/help\/ja\/troubleshooting-scan-results\/\">\u56de\u5fa9\u3057\u305f\u30d5\u30a1\u30a4\u30eb\u3092\u958b\u3051\u306a\u3044\u306e\u306f\u306a\u305c\u3067\u3059\u304b\uff1f<\/a><\/td>\n<\/tr>\n<tr>\n<td><\/td>\n<td><a title=\"How to Uninstall Disk Drill\" href=\"\/help\/how-to-uninstall-disk-drill\/\">How can I remove Disk Drill from my Mac?<\/a><span class=\"tag\">macOS<\/span><\/td>\n<\/tr>\n<tr>\n<td><\/td>\n<td><a title=\"\u4e00\u3064\u306e\u30d5\u30a1\u30a4\u30eb\u306e\u307f\u3092\u5fa9\u5143\u3057\u305f\u3044\" href=\"\/help\/ja\/i-just-need-one-file-how-do-i-find-it\/\">\u4e00\u3064\u306e\u30d5\u30a1\u30a4\u30eb\u306e\u307f\u3092\u5fa9\u5143\u3057\u305f\u3044<\/a><\/td>\n<\/tr>\n<tr>\n<td><\/td>\n<td><a title=\"How Can I Recover TXT Files?\" href=\"\/help\/how-can-i-recover-txt-files\/\">Can I recover TXT Files? Can Deep Scan help?<\/a><\/td>\n<\/tr>\n<tr>\n<td><\/td>\n<td><a title=\"\u30ea\u30ab\u30d0\u30fc\u3055\u308c\u305f\u30d5\u30a1\u30a4\u30eb\u306e\u5143\u306e\u540d\u524d\u304c\u6d88\u3048\u308b\u7406\u7531\u3068\u306f\u4f55?\" href=\"\/help\/ja\/why-dont-my-recovered-files-have-their-original-names\/\">\u30ea\u30ab\u30d0\u30fc\u3055\u308c\u305f\u30d5\u30a1\u30a4\u30eb\u306e\u5143\u306e\u540d\u524d\u304c\u6d88\u3048\u308b\u7406\u7531\u3068\u306f\u4f55?<\/a><\/td>\n<\/tr>\n<\/tbody>\n<\/table>\n<p>&nbsp;<\/p>\n<h2><span class=\"ez-toc-section\" id=\"%e3%81%95%e3%82%89%e3%81%aa%e3%82%8b%e7%9f%a5%e8%ad%98\"><\/span>\u3055\u3089\u306a\u308b\u77e5\u8b58<span class=\"ez-toc-section-end\"><\/span><\/h2>\n<table>\n<tbody>\n<tr>\n<td><\/td>\n<td><a title=\"\u30b9\u30ad\u30e3\u30f3\u7d50\u679c\u306b\u95a2\u3059\u308b\u3088\u304f\u3042\u308b\u3054\u8cea\u554f\" href=\"\/help\/ja\/scanning-faqs\/\">\u30b9\u30ad\u30e3\u30f3\u7d50\u679c\u306b\u95a2\u3059\u308b\u3088\u304f\u3042\u308b\u3054\u8cea\u554f<\/a><\/td>\n<\/tr>\n<tr>\n<td><\/td>\n<td><a title=\"How to Recover Lost Android Data\" href=\"\/help\/root-android-data-recovery\/\">Android recovery in Disk Drill for macOS<\/a><span class=\"tag\">macOS<\/span><\/td>\n<\/tr>\n<tr>\n<td><\/td>\n<td><a title=\"Recovery Vault \u3068 Guaranteed Recovery \u306e\u4f7f\u3044\u65b9\" href=\"\/help\/ja\/how-to-use-recovery-vault-and-guaranteed-recovery\/\">Recovery Vault \u3068 Guaranteed Recovery \u306e\u4f7f\u3044\u65b9<\/a><\/td>\n<\/tr>\n<tr>\n<td><\/td>\n<td><a title=\"How to Upgrade from Disk Drill Basic to PRO\" href=\"\/help\/how-to-upgrade-from-disk-drill-basic-to-pro\/\">How to upgrade from Disk Drill Basic to PRO<\/a><\/td>\n<\/tr>\n<\/tbody>\n<\/table>\n<p>&nbsp;<\/p>\n<h2><span class=\"ez-toc-section\" id=\"%e6%9c%80%e8%bf%91%e3%81%ae%e6%8a%95%e7%a8%bf\"><\/span>\u6700\u8fd1\u306e\u6295\u7a3f<span class=\"ez-toc-section-end\"><\/span><\/h2>\n<table><tbody><tr><td><\/td><td><a title=\"Disk Drill PRO: \u0627\u0644\u0627\u0634\u062a\u0631\u0627\u0643 \u0627\u0644\u0633\u0646\u0648\u064a \u0648\u062a\u0631\u062e\u064a\u0635 \u0645\u062f\u0649 \u0627\u0644\u062d\u064a\u0627\u0629\" href=\"https:\/\/www.cleverfiles.com\/help\/ar\/disk-drill-pro-subscription.html\">Disk Drill PRO: \u0627\u0644\u0627\u0634\u062a\u0631\u0627\u0643 \u0627\u0644\u0633\u0646\u0648\u064a \u0648\u062a\u0631\u062e\u064a\u0635 \u0645\u062f\u0649 \u0627\u0644\u062d\u064a\u0627\u0629<\/a><\/td><\/tr><tr><td><\/td><td><a title=\"Disk Drill PRO: \uad6c\ub3c5 \ubc0f \ud3c9\uc0dd \ub77c\uc774\uc120\uc2a4\" href=\"https:\/\/www.cleverfiles.com\/help\/ko\/disk-drill-pro-subscription.html\">Disk Drill PRO: \uad6c\ub3c5 \ubc0f \ud3c9\uc0dd \ub77c\uc774\uc120\uc2a4<\/a><\/td><\/tr><tr><td><\/td><td><a title=\"Disk Drill PRO\uff1a\u8ba2\u9605\u4e0e\u7ec8\u8eab\u8bb8\u53ef\" href=\"https:\/\/www.cleverfiles.com\/help\/zh\/disk-drill-pro-subscription.html\">Disk Drill PRO\uff1a\u8ba2\u9605\u4e0e\u7ec8\u8eab\u8bb8\u53ef<\/a><\/td><\/tr><tr><td><\/td><td><a title=\"Disk Drill PRO\uff1a\u30b5\u30d6\u30b9\u30af\u30ea\u30d7\u30b7\u30e7\u30f3\u3068\u6c38\u4e45\u30e9\u30a4\u30bb\u30f3\u30b9\" href=\"https:\/\/www.cleverfiles.com\/help\/ja\/disk-drill-pro-subscription.html\">Disk Drill PRO\uff1a\u30b5\u30d6\u30b9\u30af\u30ea\u30d7\u30b7\u30e7\u30f3\u3068\u6c38\u4e45\u30e9\u30a4\u30bb\u30f3\u30b9<\/a><\/td><\/tr><tr><td><\/td><td><a title=\"Disk Drill PRO: Subscri\u00e7\u00e3o e Licen\u00e7a Vital\u00edcia\" href=\"https:\/\/www.cleverfiles.com\/help\/pt\/disk-drill-pro-subscription.html\">Disk Drill PRO: Subscri\u00e7\u00e3o e Licen\u00e7a Vital\u00edcia<\/a><\/td><\/tr><tr><td><\/td><td><a title=\"Disk Drill PRO: Abonnement und lebenslange Lizenz\" href=\"https:\/\/www.cleverfiles.com\/help\/de\/disk-drill-pro-subscription.html\">Disk Drill PRO: Abonnement und lebenslange Lizenz<\/a><\/td><\/tr><tr><td><\/td><td><a title=\"Abonnement et licence \u00e0 vie Disk Drill PRO\" href=\"https:\/\/www.cleverfiles.com\/help\/fr\/disk-drill-pro-subscription.html\">Abonnement et licence \u00e0 vie Disk Drill PRO<\/a><\/td><\/tr><tr><td><\/td><td><a title=\"Abbonamento e licenza a vita di Disk Drill PRO\" href=\"https:\/\/www.cleverfiles.com\/help\/it\/disk-drill-pro-subscription.html\">Abbonamento e licenza a vita di Disk Drill PRO<\/a><\/td><\/tr><tr><td><\/td><td><a title=\"Suscripci\u00f3n y licencia de por vida de Disk Drill PRO\" href=\"https:\/\/www.cleverfiles.com\/help\/es\/disk-drill-pro-subscription.html\">Suscripci\u00f3n y licencia de por vida de Disk Drill PRO<\/a><\/td><\/tr><tr><td><\/td><td><a title=\"Disk Drill PRO-abonnement & levenslange licentie\" href=\"https:\/\/www.cleverfiles.com\/help\/nl\/disk-drill-pro-subscription.html\">Disk Drill PRO-abonnement & levenslange licentie<\/a><\/td><\/tr><tr><td><\/td><td><a title=\"\u041f\u043e\u0434\u043f\u0438\u0441\u043a\u0430 \u0438 \u043f\u043e\u0436\u0438\u0437\u043d\u0435\u043d\u043d\u0430\u044f \u043b\u0438\u0446\u0435\u043d\u0437\u0438\u044f Disk Drill PRO\" href=\"https:\/\/www.cleverfiles.com\/help\/ru\/disk-drill-pro-subscription.html\">\u041f\u043e\u0434\u043f\u0438\u0441\u043a\u0430 \u0438 \u043f\u043e\u0436\u0438\u0437\u043d\u0435\u043d\u043d\u0430\u044f \u043b\u0438\u0446\u0435\u043d\u0437\u0438\u044f Disk Drill PRO<\/a><\/td><\/tr><tr><td><\/td><td><a title=\"Disk Drill Licensing Gets a Fresh Look\" href=\"https:\/\/www.cleverfiles.com\/help\/disk-drill-license-models-updated.html\">Disk Drill Licensing Gets a Fresh Look<\/a><\/td><\/tr><tr><td><\/td><td><a title=\"Disk Drill PRO Subscription & Lifetime License\" href=\"https:\/\/www.cleverfiles.com\/help\/disk-drill-pro-subscription.html\">Disk Drill PRO Subscription & Lifetime License<\/a><\/td><\/tr><tr><td><\/td><td><a title=\"How to Grant Full Disk Access and Allow App Background Activity for Disk Drill on macOS (Sonoma or later)\" href=\"https:\/\/www.cleverfiles.com\/help\/background-full-disk-access-mac.html\">How to Grant Full Disk Access and Allow App Background Activity for Disk Drill on macOS (Sonoma or later)<\/a><\/td><\/tr><tr><td><\/td><td><a title=\"A Few Thoughts on Digital Archeology\" href=\"https:\/\/www.cleverfiles.com\/help\/a-few-thoughts-on-digital-archeology\/\">A Few Thoughts on Digital Archeology<\/a><\/td><\/tr><tr><td><\/td><td><a title=\"&#x1f389; Disk Drill 6 is Here \u2013 The Must-Have Data Recovery App for macOS & Windows\" href=\"https:\/\/www.cleverfiles.com\/help\/disk-drill-6.html\">&#x1f389; Disk Drill 6 is Here \u2013 The Must-Have Data Recovery App for macOS & Windows<\/a><\/td><\/tr><tr><td><\/td><td><a title=\"Meet the New Advanced Camera Recovery Module in Disk Drill 6.0\" href=\"https:\/\/www.cleverfiles.com\/help\/advanced-camera-recovery-in-disk-drill.html\">Meet the New Advanced Camera Recovery Module in Disk Drill 6.0<\/a><\/td><\/tr><tr><td><\/td><td><a title=\"Clever Cleaner - CleverFiles Inc - Privacy Policy\" href=\"https:\/\/www.cleverfiles.com\/help\/clever-cleaner-privacy-policy.html\">Clever Cleaner - CleverFiles Inc - Privacy Policy<\/a><\/td><\/tr><tr><td><\/td><td><a title=\"Disk Drill and GoPro Recovery\" href=\"https:\/\/www.cleverfiles.com\/help\/disk-drill-and-gopro-recovery.html\">Disk Drill and GoPro Recovery<\/a><\/td><\/tr><tr><td><\/td><td><a title=\"&#x1f389; Disk Drill 5 \u2013 Just Released \u2013 An Essential App for macOS & Windows\" href=\"https:\/\/www.cleverfiles.com\/help\/disk-drill-5.html\">&#x1f389; Disk Drill 5 \u2013 Just Released \u2013 An Essential App for macOS & Windows<\/a><\/td><\/tr><tr><td><\/td><td><a title=\"How do I find a specific lost item in Disk Drill once the scan is over?\" href=\"https:\/\/www.cleverfiles.com\/help\/find-specific-lost-item-in-disk-drill.html\">How do I find a specific lost item in Disk Drill once the scan is over?<\/a><\/td><\/tr><tr><td><\/td><td><a title=\"Running Disk Drill for macOS on Modified or Unsupported Mac Hardware and Hackintosh\" href=\"https:\/\/www.cleverfiles.com\/help\/running-disk-drill-on-hackintosh.html\">Running Disk Drill for macOS on Modified or Unsupported Mac Hardware and Hackintosh<\/a><\/td><\/tr><tr><td><\/td><td><a title=\"Disk Drill as a digital collectible! NFT as software, software as NFT &#x1f48e;\" href=\"https:\/\/www.cleverfiles.com\/help\/disk-drill-nft\/\">Disk Drill as a digital collectible! NFT as software, software as NFT &#x1f48e;<\/a><\/td><\/tr><tr><td><\/td><td><a title=\"&#x1f1fa;&#x1f1e6; WE STAND WITH UKRAINE! PLEASE SUPPORT UKRAINE NOW!\" href=\"https:\/\/www.cleverfiles.com\/help\/we-stand-with-ukraine-please-support-ukraine-now\/\">&#x1f1fa;&#x1f1e6; WE STAND WITH UKRAINE! PLEASE SUPPORT UKRAINE NOW!<\/a><\/td><\/tr><tr><td><\/td><td><a title=\"CleverFiles Accessibility Conformance Report\" href=\"https:\/\/www.cleverfiles.com\/help\/vpat\/\">CleverFiles Accessibility Conformance Report<\/a><\/td><\/tr><tr><td><\/td><td><a title=\"CleverFiles Inc. \u2013 END-USER LICENSE AGREEMENT \u2013 Exhibit A\" href=\"https:\/\/www.cleverfiles.com\/help\/eula-exhibit\/\">CleverFiles Inc. \u2013 END-USER LICENSE AGREEMENT \u2013 Exhibit A<\/a><\/td><\/tr><tr><td><\/td><td><a title=\"Predict Chances to Recover Lost Data in Disk Drill\" href=\"https:\/\/www.cleverfiles.com\/help\/estimated-recovery-chances-in-disk-drill\/\">Predict Chances to Recover Lost Data in Disk Drill<\/a><\/td><\/tr><tr><td><\/td><td><a title=\"How to Recover Lost Files with Disk Drill Basic on Mac or PC\" href=\"https:\/\/www.cleverfiles.com\/help\/how-to-recover-lost-files-with-disk-drill-basic\/\">How to Recover Lost Files with Disk Drill Basic on Mac or PC<\/a><\/td><\/tr><tr><td><\/td><td><a title=\"How Can I Monitor S.M.A.R.T. Status (Disk Health) With Disk Drill?\" href=\"https:\/\/www.cleverfiles.com\/help\/monitor-smart-status-disk-health\/\">How Can I Monitor S.M.A.R.T. Status (Disk Health) With Disk Drill?<\/a><\/td><\/tr><tr><td><\/td><td><a title=\"How to Recover Data from External Hard Drives\" href=\"https:\/\/www.cleverfiles.com\/help\/external-hard-drive-recovery.html\">How to Recover Data from External Hard Drives<\/a><\/td><\/tr><\/tbody><\/table>\n","protected":false},"excerpt":{"rendered":"<p>Disk Drill\u30ea\u30ea\u30fc\u30b9 February 2020: Disk Drill 3.8.965 for Mac released, speed improvements and quick &amp; smart scans exFAT optimizationsmacOS February 2020: Disk Drill 4.0.513 for Windows. Brings Better Recovery Rates, Speed and Stability ImprovementsWindows &nbsp; \u3088\u304f\u3042\u308b\u8cea\u554f How can I perform [&hellip;]<\/p>\n","protected":false},"author":1,"featured_media":0,"parent":0,"menu_order":0,"comment_status":"open","ping_status":"open","template":"","meta":{"_acf_changed":false,"footnotes":""},"class_list":["post-8410","page","type-page","status-publish"],"acf":[],"yoast_head":"<!-- This site is optimized with the Yoast SEO plugin v26.3 - https:\/\/yoast.com\/wordpress\/plugins\/seo\/ -->\n<title>Mac\u304a\u3088\u3073Windows\u7528\u306e\u30c7\u30fc\u30bf\u5fa9\u65e7\u3002Disk Drill \u30d8\u30eb\u30d7\u30bb\u30f3\u30bf\u30fc<\/title>\n<meta name=\"description\" content=\"Disk Drill\u30c7\u30fc\u30bf\u56de\u5fa9\u30bd\u30d5\u30c8\u30a6\u30a7\u30a2\u306fmacOS\u3068Windows\u3067\u5229\u7528\u53ef\u80fd\u3067\u3059\u3002 \u30c7\u30fc\u30bf\u5fa9\u65e7\u306e\u8a73\u7d30\u306b\u3064\u3044\u3066\u306f\u3001\u5f0a\u793e\u306e\u8c4a\u5bcc\u306a\u30ca\u30ec\u30c3\u30b8\u30d9\u30fc\u30b9\u3092\u3054\u89a7\u304f\u3060\u3055\u3044\u3002 \u57fa\u672c\u304a\u3088\u3073\u9ad8\u5ea6\u306aFAQ\" \/>\n<meta name=\"robots\" content=\"index, follow, max-snippet:-1, max-image-preview:large, max-video-preview:-1\" \/>\n<link rel=\"canonical\" href=\"https:\/\/www.cleverfiles.com\/help\/ja\/\" \/>\n<meta property=\"og:locale\" content=\"en_US\" \/>\n<meta property=\"og:type\" content=\"article\" \/>\n<meta property=\"og:title\" content=\"Mac\u304a\u3088\u3073Windows\u7528\u306e\u30c7\u30fc\u30bf\u5fa9\u65e7\u3002Disk Drill \u30d8\u30eb\u30d7\u30bb\u30f3\u30bf\u30fc\" \/>\n<meta property=\"og:description\" content=\"Disk Drill\u30c7\u30fc\u30bf\u56de\u5fa9\u30bd\u30d5\u30c8\u30a6\u30a7\u30a2\u306fmacOS\u3068Windows\u3067\u5229\u7528\u53ef\u80fd\u3067\u3059\u3002 \u30c7\u30fc\u30bf\u5fa9\u65e7\u306e\u8a73\u7d30\u306b\u3064\u3044\u3066\u306f\u3001\u5f0a\u793e\u306e\u8c4a\u5bcc\u306a\u30ca\u30ec\u30c3\u30b8\u30d9\u30fc\u30b9\u3092\u3054\u89a7\u304f\u3060\u3055\u3044\u3002 \u57fa\u672c\u304a\u3088\u3073\u9ad8\u5ea6\u306aFAQ\" \/>\n<meta property=\"og:url\" content=\"https:\/\/www.cleverfiles.com\/help\/ja\/\" \/>\n<meta property=\"og:site_name\" content=\"Mac Data Recovery\" \/>\n<meta property=\"article:modified_time\" content=\"2021-09-30T19:12:13+00:00\" \/>\n<meta name=\"twitter:card\" content=\"summary_large_image\" \/>\n<meta name=\"twitter:site\" content=\"@Cleverfiles\" \/>\n<meta name=\"twitter:label1\" content=\"Est. reading time\" \/>\n\t<meta name=\"twitter:data1\" content=\"1 minute\" \/>\n<script type=\"application\/ld+json\" class=\"yoast-schema-graph\">{\"@context\":\"https:\/\/schema.org\",\"@graph\":[{\"@type\":\"WebPage\",\"@id\":\"https:\/\/www.cleverfiles.com\/help\/ja\/\",\"url\":\"https:\/\/www.cleverfiles.com\/help\/ja\/\",\"name\":\"Mac\u304a\u3088\u3073Windows\u7528\u306e\u30c7\u30fc\u30bf\u5fa9\u65e7\u3002Disk Drill \u30d8\u30eb\u30d7\u30bb\u30f3\u30bf\u30fc\",\"isPartOf\":{\"@id\":\"https:\/\/www.cleverfiles.com\/help\/#website\"},\"datePublished\":\"2017-09-15T17:22:34+00:00\",\"dateModified\":\"2021-09-30T19:12:13+00:00\",\"description\":\"Disk Drill\u30c7\u30fc\u30bf\u56de\u5fa9\u30bd\u30d5\u30c8\u30a6\u30a7\u30a2\u306fmacOS\u3068Windows\u3067\u5229\u7528\u53ef\u80fd\u3067\u3059\u3002 \u30c7\u30fc\u30bf\u5fa9\u65e7\u306e\u8a73\u7d30\u306b\u3064\u3044\u3066\u306f\u3001\u5f0a\u793e\u306e\u8c4a\u5bcc\u306a\u30ca\u30ec\u30c3\u30b8\u30d9\u30fc\u30b9\u3092\u3054\u89a7\u304f\u3060\u3055\u3044\u3002 \u57fa\u672c\u304a\u3088\u3073\u9ad8\u5ea6\u306aFAQ\",\"inLanguage\":\"en-US\",\"potentialAction\":[{\"@type\":\"ReadAction\",\"target\":[\"https:\/\/www.cleverfiles.com\/help\/ja\/\"]}]},{\"@type\":\"WebSite\",\"@id\":\"https:\/\/www.cleverfiles.com\/help\/#website\",\"url\":\"https:\/\/www.cleverfiles.com\/help\/\",\"name\":\"Mac Data Recovery\",\"description\":\"Disk Drill, advanced data recovery app for macOS and Windows\",\"potentialAction\":[{\"@type\":\"SearchAction\",\"target\":{\"@type\":\"EntryPoint\",\"urlTemplate\":\"https:\/\/www.cleverfiles.com\/help\/?s={search_term_string}\"},\"query-input\":{\"@type\":\"PropertyValueSpecification\",\"valueRequired\":true,\"valueName\":\"search_term_string\"}}],\"inLanguage\":\"en-US\"}]}<\/script>\n<!-- \/ Yoast SEO plugin. -->","yoast_head_json":{"title":"Mac\u304a\u3088\u3073Windows\u7528\u306e\u30c7\u30fc\u30bf\u5fa9\u65e7\u3002Disk Drill \u30d8\u30eb\u30d7\u30bb\u30f3\u30bf\u30fc","description":"Disk Drill\u30c7\u30fc\u30bf\u56de\u5fa9\u30bd\u30d5\u30c8\u30a6\u30a7\u30a2\u306fmacOS\u3068Windows\u3067\u5229\u7528\u53ef\u80fd\u3067\u3059\u3002 \u30c7\u30fc\u30bf\u5fa9\u65e7\u306e\u8a73\u7d30\u306b\u3064\u3044\u3066\u306f\u3001\u5f0a\u793e\u306e\u8c4a\u5bcc\u306a\u30ca\u30ec\u30c3\u30b8\u30d9\u30fc\u30b9\u3092\u3054\u89a7\u304f\u3060\u3055\u3044\u3002 \u57fa\u672c\u304a\u3088\u3073\u9ad8\u5ea6\u306aFAQ","robots":{"index":"index","follow":"follow","max-snippet":"max-snippet:-1","max-image-preview":"max-image-preview:large","max-video-preview":"max-video-preview:-1"},"canonical":"https:\/\/www.cleverfiles.com\/help\/ja\/","og_locale":"en_US","og_type":"article","og_title":"Mac\u304a\u3088\u3073Windows\u7528\u306e\u30c7\u30fc\u30bf\u5fa9\u65e7\u3002Disk Drill \u30d8\u30eb\u30d7\u30bb\u30f3\u30bf\u30fc","og_description":"Disk Drill\u30c7\u30fc\u30bf\u56de\u5fa9\u30bd\u30d5\u30c8\u30a6\u30a7\u30a2\u306fmacOS\u3068Windows\u3067\u5229\u7528\u53ef\u80fd\u3067\u3059\u3002 \u30c7\u30fc\u30bf\u5fa9\u65e7\u306e\u8a73\u7d30\u306b\u3064\u3044\u3066\u306f\u3001\u5f0a\u793e\u306e\u8c4a\u5bcc\u306a\u30ca\u30ec\u30c3\u30b8\u30d9\u30fc\u30b9\u3092\u3054\u89a7\u304f\u3060\u3055\u3044\u3002 \u57fa\u672c\u304a\u3088\u3073\u9ad8\u5ea6\u306aFAQ","og_url":"https:\/\/www.cleverfiles.com\/help\/ja\/","og_site_name":"Mac Data Recovery","article_modified_time":"2021-09-30T19:12:13+00:00","twitter_card":"summary_large_image","twitter_site":"@Cleverfiles","twitter_misc":{"Est. reading time":"1 minute"},"schema":{"@context":"https:\/\/schema.org","@graph":[{"@type":"WebPage","@id":"https:\/\/www.cleverfiles.com\/help\/ja\/","url":"https:\/\/www.cleverfiles.com\/help\/ja\/","name":"Mac\u304a\u3088\u3073Windows\u7528\u306e\u30c7\u30fc\u30bf\u5fa9\u65e7\u3002Disk Drill \u30d8\u30eb\u30d7\u30bb\u30f3\u30bf\u30fc","isPartOf":{"@id":"https:\/\/www.cleverfiles.com\/help\/#website"},"datePublished":"2017-09-15T17:22:34+00:00","dateModified":"2021-09-30T19:12:13+00:00","description":"Disk Drill\u30c7\u30fc\u30bf\u56de\u5fa9\u30bd\u30d5\u30c8\u30a6\u30a7\u30a2\u306fmacOS\u3068Windows\u3067\u5229\u7528\u53ef\u80fd\u3067\u3059\u3002 \u30c7\u30fc\u30bf\u5fa9\u65e7\u306e\u8a73\u7d30\u306b\u3064\u3044\u3066\u306f\u3001\u5f0a\u793e\u306e\u8c4a\u5bcc\u306a\u30ca\u30ec\u30c3\u30b8\u30d9\u30fc\u30b9\u3092\u3054\u89a7\u304f\u3060\u3055\u3044\u3002 \u57fa\u672c\u304a\u3088\u3073\u9ad8\u5ea6\u306aFAQ","inLanguage":"en-US","potentialAction":[{"@type":"ReadAction","target":["https:\/\/www.cleverfiles.com\/help\/ja\/"]}]},{"@type":"WebSite","@id":"https:\/\/www.cleverfiles.com\/help\/#website","url":"https:\/\/www.cleverfiles.com\/help\/","name":"Mac Data Recovery","description":"Disk Drill, advanced data recovery app for macOS and Windows","potentialAction":[{"@type":"SearchAction","target":{"@type":"EntryPoint","urlTemplate":"https:\/\/www.cleverfiles.com\/help\/?s={search_term_string}"},"query-input":{"@type":"PropertyValueSpecification","valueRequired":true,"valueName":"search_term_string"}}],"inLanguage":"en-US"}]}},"_links":{"self":[{"href":"https:\/\/www.cleverfiles.com\/help\/wp-json\/wp\/v2\/pages\/8410","targetHints":{"allow":["GET"]}}],"collection":[{"href":"https:\/\/www.cleverfiles.com\/help\/wp-json\/wp\/v2\/pages"}],"about":[{"href":"https:\/\/www.cleverfiles.com\/help\/wp-json\/wp\/v2\/types\/page"}],"author":[{"embeddable":true,"href":"https:\/\/www.cleverfiles.com\/help\/wp-json\/wp\/v2\/users\/1"}],"replies":[{"embeddable":true,"href":"https:\/\/www.cleverfiles.com\/help\/wp-json\/wp\/v2\/comments?post=8410"}],"version-history":[{"count":6,"href":"https:\/\/www.cleverfiles.com\/help\/wp-json\/wp\/v2\/pages\/8410\/revisions"}],"predecessor-version":[{"id":18269,"href":"https:\/\/www.cleverfiles.com\/help\/wp-json\/wp\/v2\/pages\/8410\/revisions\/18269"}],"wp:attachment":[{"href":"https:\/\/www.cleverfiles.com\/help\/wp-json\/wp\/v2\/media?parent=8410"}],"curies":[{"name":"wp","href":"https:\/\/api.w.org\/{rel}","templated":true}]}}